 17.
15
Suppose 37 + 113 = 6*c. Calculate the remainder when c is divided by 7.
4
Let r(v) = -v**2 + 2*v + 4*v - 4*v + 2 + 7*v. What is the remainder when 30 is divided by r(7)?
14
Suppose 2*c = -3*c + 65. Suppose 0 = -3*k + k + 16. Calculate the remainder when ((-74)/(-8))/(2/k) is divided by c.
11
Let r(c) = 3*c**2 - 2*c - 6. Calculate the remainder when r(3) is divided by 8.
7
Let l(c) = c**2 - 2*c + 1. What is the remainder when 49 is divided by l(6)?
24
Let q(n) = n**2 - 2*n. Calculate the remainder when 10 is divided by q(3).
1
Suppose 0 = w - 6 - 3. Calculate the remainder when 41 is divided by w.
5
Suppose -a - 2*j = 2 - 21, 0 = -5*a + 3*j + 95. Calculate the remainder when a is divided by -2*(15/(-2))/3.
4
Suppose -3*r = -k + 17, 5*r + 9 = 3*k - 42. What is the remainder when k is divided by 10?
7
Suppose 3*n - 34 + 1 = 0. Suppose 4*l + l = 20. What is the remainder when n is divided by l?
3
Let i = 17 - 13. What is the remainder when 43 is divided by -3 - (4/i + -15)?
10
Suppose 29 = 5*f + 79. What is the remainder when 26 is divided by ((-12)/f)/((-12)/(-150))?
11
Suppose 2*c = -0*c + x + 219, 0 = -4*c - 3*x + 423. Let w be -1 - 1 - c/(-4). Suppose p = 6*p - w. Calculate the remainder when p is divided by 2.
1
Let s(t) = 2*t - 2. Suppose 5*k = w + w - 28, 4*w - 36 = 5*k. Let v be s(w). Suppose 4*i - v - 2 = 0. Calculate the remainder when 3 is divided by i.
1
Let g(z) = z + 8. Let s be g(-5). Suppose -s = -i + 1. Let o = i + 18. Calculate the remainder when o is divided by 12.
10
Suppose -3*y - 3*y + 372 = 0. Calculate the remainder when y is divided by 11.
7
Let q(j) = 4*j - 7. Suppose 0 = -2*g - 2, 5*g - 329 = -5*v + 316. What is the remainder when q(5) is divided by 2/(-6) + v/30?
1
Let y(a) = a**3 - 13*a**2 + a + 2. Suppose 4*j - 23 = -3*w, 4*j - 2 = -18. Calculate the remainder when y(w) is divided by 4.
3
Suppose 5*c = 6*c - 13. What is the remainder when (-2)/(-3)*1*54 is divided by c?
10
Let q(z) = -2*z - 3. Let b(p) = 2*p - 6. Let x be b(4). Suppose x*l + 2 = 28. What is the remainder when l is divided by q(-4)?
3
Let t be ((-3)/4)/((-2)/(-8)). Let k(u) = -u**2 - 5*u - 2. Let i be k(t). Suppose 2*m = i*d, -18 = -5*d - m - m. Calculate the remainder when 3 is divided by d.
1
Let l be (117/6)/(9/12). Suppose 2*v + 0 = l. Calculate the remainder when v is divided by 5.
3
Let i(a) = a**2 - 5*a + 2. What is the remainder when 1/(1 + 0) + 2 is divided by i(5)?
1
Let s(a) = a**3 - 8*a**2 + 2*a - 5. Calculate the remainder when 19 is divided by s(8).
8
Suppose 2*q + 4*h - 94 = 0, -q - 255 = -6*q - 5*h. Calculate the remainder when 219 is divided by q.
54
Calculate the remainder when ((-9)/(-4) + -3)/(5/(-700)) is divided by 36.
33
Let j = -4 + 27. What is the remainder when j is divided by 13?
10
Let w(z) = -z**2 - 18*z - 22. What is the remainder when 57 is divided by w(-16)?
7
Suppose -b - 8 = 4*y + 10, b = 4*y + 22. Suppose -23 = -b*r - 4*v + 13, 3*v - 47 = -4*r. What is the remainder when 298/r - (-2)/(-8) is divided by 13?
11
Suppose -2*w + 7*w = 335. Suppose w = -4*a + 5*a. Calculate the remainder when a is divided by 17.
16
Let h = 30 - 24. Suppose 48 = 2*i + 2*y, 2*y + 9 = 2*i - 31. What is the remainder when i is divided by h?
4
Calculate the remainder when 5/(4*4/208) is divided by 17.
14
Let h = -26 + 23. Let a(s) = 6*s**2 - 3*s + 4. Calculate the remainder when a(h) is divided by 14.
11
Suppose -186 = -2*i - 3*m + m, 4*i = -3*m + 368. Suppose 0 = 5*c - i - 51. What is the remainder when c is divided by 10?
8
Suppose -5*u + 3*m + 324 - 123 = 0, -197 = -5*u + m. Calculate the remainder when u is divided by 20.
19
Let c(x) = x**3 + 7*x**2 + 5*x. Calculate the remainder when 74 is divided by c(-5).
24
Suppose t = -2*t. Let n = 38 - t. Calculate the remainder when n is divided by 13.
12
Suppose b + 2*r - 2 = 0, -2*b + r - 1 = -0*r. Suppose b = -t + 4. Calculate the remainder when 13 is divided by (2/t)/((-4)/(-40)).
3
Suppose 4*j + 17*j = 819. What is the remainder when j is divided by 10?
9
Let d = 46 + -24. What is the remainder when 87 is divided by d?
21
Suppose 2*f + 2*f - 104 = 0. Calculate the remainder when f is divided by 14.
12
Let f = 21 - 16. Let b(j) = -2*j - 1. Let w be b(-4). Suppose 47 = 5*d + c, 3*d - w*d + f*c = -26. What is the remainder when 17 is divided by d?
8
Suppose 4*f - 3 - 13 = 0. Suppose -2*b + 15 = -5*o - 7, 4*o - 16 = -f*b. Suppose z - 6 = -s - 0*z, 3*z + b = 0. Calculate the remainder when 14 is divided by s.
6
What is the remainder when 47 is divided by 23 + (1 - 3) - 2?
9
Let t(o) = o**3 + 11*o**2 - 3*o - 22. Suppose -2*a + 5*n - 5 = -40, 0 = 3*n + 15. Suppose -a*x - 13 = -48. What is the remainder when t(-11) is divided by x?
4
Calculate the remainder when (-3 + -1)*(-135)/20 is divided by 6.
3
What is the remainder when 81 is divided by -2*28*-2*(-1)/(-4)?
25
Let z be -5 + 8 + 2 + 2. Let s = z - -17. What is the remainder when 45 is divided by s?
21
Suppose 3*u + 5*p = 48, 2*u - 11 = p + 8. Calculate the remainder when u is divided by 8.
3
Suppose 3*n = 15, 0 = -2*m - n + 6*n - 33. Let b = 18 - m. Calculate the remainder when 43 is divided by b.
21
Let m(l) = -l + 10. Calculate the remainder when m(-10) is divided by 7.
6
Let x = -114 + 72. Calculate the remainder when 29 is divided by (2 - -1)/(x/(-140)).
9
Suppose 123 = 2*g + 23. Suppose v - 3 - 9 = -w, 4*v + 105 = 5*w. What is the remainder when g is divided by w?
16
Let p be 176/(-6)*45/(-20). Let b = p - 45. Calculate the remainder when b is divided by 8.
5
Suppose 3*n = 8*n - 100. Calculate the remainder when n is divided by 7.
6
Let l = 4 - -14. Calculate the remainder when 68 is divided by l.
14
Suppose 28 + 294 = 14*h. What is the remainder when 31 is divided by h?
8
Let u(y) = y**3 - 6*y**2 + y + 6. What is the remainder when u(7) is divided by 21?
20
Let j = -9 - -10. Suppose -3*c + 13 = j. Calculate the remainder when c is divided by 2.
0
Let u be (-3)/(-6)*0/(-1). Suppose y + 0*r - r - 3 = u, -y + 4*r + 6 = 0. Suppose -2*n = -0*n - 6. Calculate the remainder when n is divided by y.
1
Let x = 65 + -49. Let z(f) = -f + 5. Calculate the remainder when x is divided by z(-4).
7
Suppose 3*b = 3*h + 57, -6*b + b + 4*h = -90. Let s = b - 3. What is the remainder when s is divided by 3?
2
Suppose 5*l + 3 = 6*l. Suppose -l*w + 5 = -10. Let q(a) = a**2. What is the remainder when q(-3) is divided by w?
4
Suppose -5*p + 2 - 67 = 0. Let t = -2 - p. Suppose -3*b - 31 = -4*b. What is the remainder when b is divided by t?
9
Let o be 8/28 - 178/(-14). Suppose -o = -s + 16. Calculate the remainder when 55 is divided by s.
26
Suppose b - 390 = -4*b. What is the remainder when b is divided by 20?
18
Let f be (-4)/(-12) - 8/(-3). Let g be 3 - (-2 + (1 - -5)). What is the remainder when 0 + f + g - 1 is divided by 1?
0
Let y be (-122 - 0)*(-5)/10. Suppose y = 4*s + 25. Calculate the remainder when 16 is divided by s.
7
Suppose -81 - 184 = 5*k. Let l = -37 - k. Let i(r) = r**3 + 7*r**2 - 7*r - 3. Calculate the remainder when i(-7) is divided by l.
14
Suppose -103 = -4*t - 79. Let r(g) = g**2 + 5*g + 3. Calculate the remainder when r(-7) is divided by t.
5
Suppose -10 - 8 = -3*j. Let k = -6 + 21. What is the remainder when (-20)/j*(-42)/5 is divided by k?
13
Let n = 46 - 39. What is the remainder when 81 is divided by n?
4
Let m = 1 - -6. Suppose -c + m = -0. Calculate the remainder when 25 is divided by c.
4
Let b(y) = 3*y - 5. Let n be 1/(-3)*(-18 - -3). Suppose -37 = 3*l - 124. Calculate the remainder when l is divided by b(n).
9
Let d(h) be the second derivative of h**5/20 - h**4/2 + 2*h**3/3 - 7*h**2/2 - 6*h. What is the remainder when (-3)/((-3)/52) + -2 is divided by d(6)?
16
Let j(b) = b**2 + 5*b + 4. Suppose -4*a + 5 = 21. Let c be j(a). Suppose c = -n + 23 + 6. Calculate the remainder when n is divided by 15.
14
Calculate the remainder when 25 is divided by ((-18)/(-15))/(4/30).
7
Let z(u) = -u**3 + 7*u**2 - 6*u + 3. Let s be z(6). Let d = -1 - s. Let l = d - -6. What is the remainder when 5 is divided by l?
1
Let k(f) = -f**2 - 6*f + 10. Let s be k(-7). Suppose 7 + 35 = s*g. Calculate the remainder when (-1)/2*-27*2 is divided by g.
13
Suppose -3*y - 14 = -5*y. Let m(i) = -5 + 3 - i + 2*i + 3. Calculate the remainder when 14 is divide